y 15557634.
9
What is the remainder when 989568 is divided by 8111?
26
Calculate the remainder when 398523 is divided by 99620.
43
Calculate the remainder when 85042755 is divided by 2237967.
9
Calculate the remainder when 444381 is divided by 146327.
5400
Calculate the remainder when 3599386 is divided by 1421.
1414
Calculate the remainder when 1065760 is divided by 169.
46
Calculate the remainder when 1053929 is divided by 550.
129
What is the remainder when 7764377 is divided by 20?
17
What is the remainder when 244754 is divided by 1164?
314
What is the remainder when 10493557 is divided by 534?
457
Calculate the remainder when 15969888 is divided by 5323270.
78
What is the remainder when 120538 is divided by 1566?
1522
Calculate the remainder when 48119440 is divided by 36.
4
Calculate the remainder when 1656482 is divided by 110.
102
Calculate the remainder when 502843 is divided by 4462.
3099
What is the remainder when 8211139 is divided by 356?
355
What is the remainder when 13255 is divided by 68?
63
What is the remainder when 31167525 is divided by 1411?
1357
Calculate the remainder when 213653 is divided by 15244.
237
Calculate the remainder when 378786 is divided by 763.
338
What is the remainder when 3347557 is divided by 1673774?
9
Calculate the remainder when 17965498 is divided by 224568.
58
What is the remainder when 753478178 is divided by 102?
98
Calculate the remainder when 426497 is divided by 1628.
1589
What is the remainder when 853609 is divided by 426755?
99
Calculate the remainder when 58234270 is divided by 5115.
5110
Calculate the remainder when 1371240 is divided by 342644.
664
What is the remainder when 378698 is divided by 1018?
2
Calculate the remainder when 51520462 is divided by 185.
182
Calculate the remainder when 25770386 is divided by 560225.
36
What is the remainder when 313766218 is divided by 2266?
2262
Calculate the remainder when 3069379 is divided by 79.
71
Calculate the remainder when 1321905 is divided by 51.
36
Calculate the remainder when 56728024 is divided by 23.
19
What is the remainder when 148419 is divided by 1545?
99
Calculate the remainder when 288056 is divided by 8472.
8
Calculate the remainder when 1634795 is divided by 163457.
225
Calculate the remainder when 326787 is divided by 1650.
87
What is the remainder when 36008504 is divided by 23?
3
Calculate the remainder when 9752573 is divided by 25.
23
What is the remainder when 1686556 is divided by 52703?
60
What is the remainder when 2405534 is divided by 2340?
14
Calculate the remainder when 180621 is divided by 10007.
495
Calculate the remainder when 4172320 is divided by 6.
4
Calculate the remainder when 7222255 is divided by 8.
7
What is the remainder when 1143494 is divided by 883?
9
What is the remainder when 38932243 is divided by 191784?
91
Calculate the remainder when 504449 is divided by 38796.
101
What is the remainder when 300651 is divided by 8?
3
Calculate the remainder when 122522351 is divided by 381.
371
Calculate the remainder when 16096 is divided by 942.
82
What is the remainder when 1382101 is divided by 188?
113
Calculate the remainder when 8068151 is divided by 35230.
481
Calculate the remainder when 9763 is divided by 1230.
1153
Calculate the remainder when 292303 is divided by 97320.
343
What is the remainder when 39714 is divided by 7802?
704
Calculate the remainder when 443626 is divided by 10562.
22
What is the remainder when 23976699 is divided by 49?
19
What is the remainder when 317554 is divided by 2860?
94
What is the remainder when 247545 is divided by 61882?
17
What is the remainder when 688095 is divided by 1172?
131
What is the remainder when 1879628 is divided by 23?
22
Calculate the remainder when 465109 is divided by 214.
87
Calculate the remainder when 131131 is divided by 131068.
63
What is the remainder when 31561353 is divided by 1366?
1289
What is the remainder when 2511337 is divided by 743?
740
What is the remainder when 12957042 is divided by 301322?
196
What is the remainder when 23341 is divided by 1979?
1572
Calculate the remainder when 17787627 is divided by 100.
27
Calculate the remainder when 8188721 is divided by 85.
76
What is the remainder when 4274944 is divided by 170989?
219
Calculate the remainder when 61558 is divided by 12298.
68
What is the remainder when 4525533 is divided by 756?
117
Calculate the remainder when 28384604 is divided by 7096150.
4
Calculate the remainder when 1503789406 is divided by 27.
25
What is the remainder when 49960 is divided by 1393?
1205
What is the remainder when 130536620 is divided by 4079269?
12
Calculate the remainder when 243159388 is divided by 2492.
2488
What is the remainder when 1089623 is divided by 121068?
11
Calculate the remainder when 1023316 is divided by 1032.
604
What is the remainder when 238080 is divided by 29708?
416
Calculate the remainder when 8623121 is divided by 4517.
168
What is the remainder when 17305 is divided by 135?
25
Calculate the remainder when 98998624 is divided by 3026.
8
Calculate the remainder when 414565 is divided by 138179.
28
Calculate the remainder when 124170 is divided by 2111.
1732
Calculate the remainder when 5154 is divided by 847.
72
Calculate the remainder when 256701887 is divided by 2866.
2865
Calculate the remainder when 33919916 is divided by 339199.
16
Calculate the remainder when 472446646 is divided by 2619.
2617
What is the remainder when 337667 is divided by 119?
64
Calculate the remainder when 732244 is divided by 513.
193
What is the remainder when 106452 is divided by 645?
27
What is the remainder when 14446277 is divided by 428?
421
What is the remainder when 36596 is divided by 123?
65
Calculate the remainder when 43545276 is divided by 1173.
1170
Calculate the remainder when 499066 is divided by 182.
22
Calculate the remainder when 4443393 is divided by 39.
6
Calculate the remainder when 335767 is divided by 3905.
3842
Calculate the remainder when 6691004 is divided by 12.
8
Calculate the remainder when 5087554 is divided by 652.
650
What is the remainder when 259358232 is divided by 15?
12
What is the remainder when 249680 is divided by 1?
0
What is the remainder when 1312055 is divided by 506?
503
Calculate the remainder when 57348 is divided by 13655.
2728
What is the remainder when 3943670 is divided by 16?
6
Calculate the remainder when 29179275 is divided by 28.
27
Calculate the remainder when 6862014 is divided by 2963.
2669
What is the remainder when 1974573 is divided by 410?
13
What is the remainder when 220636 is divided by 4934?
3540
What is the remainder when 12008462 is divided by 1501052?
46
What is the remainder when 386108694 is divided by 3?
0
Calculate the remainder when 14147309 is divided by 1580.
1569
What is the remainder when 102366 is divided by 249?
27
What is the remainder when 17934522 is divided by 965?
962
Calculate the remainder when 31964702 is divided by 5327447.
20
Calculate the remainder when 1038482 is divided by 2233.
137
What is the remainder when 153933255 is divided by 1810?
1805
Calculate the remainder when 24386 is divided by 83.
67
What is the remainder when 310386 is divided by 50774?
5742
What is the remainder when 20987 is divided by 912?
11
What is the remainder when 3252064 is divided by 666?
652
What is the remainder when 113902 is divided by 16?
14
Calculate the remainder when 107035 is divided by 35608.
211
What is the remainder when 7024517 is divided by 70245?
17
Calculate the remainder when 4012646 is divided by 719.
626
What is the remainder when 249290 is divided by 61994?
1314
Calculate the remainder when 459941 is divided by 204.
125
What is the remainder when 586155 is divided by 652?
7
Calculate the remainder when 11460787 is divided by 181.
48
What is the remainder when 145739 is divided by 145715?
24
What is the remainder when 39841162 is divided by 304131?
1
Calculate the remainder when 493598 is divided by 6669.
92
What is the remainder when 2343508 is divided by 42609?
13
Calculate the remainder when 188273 is divided by 8954.
239
What is the remainder when 646148 is divided by 4895?
8
Calculate the remainder when 35916556 is divided by 301.
32
Calculate the remainder when 3023922 is divided by 4610.
4372
Ca